8
Let j(m) be the third derivative of -m**6/120 - 7*m**5/60 - m**4/6 + 13*m**3/6 + 24*m**2. Let g be j(-6). Let t(s) = 14*s. Determine t(g).
14
Let y(p) be the third derivative of -p**7/560 - p**5/6 + 2*p**2. Let d(s) be the third derivative of y(s). What is d(-1)?
9
Let r(a) = -4 + 4 + 2 + 8*a. Let j be r(-1). Let n(u) = -u - 1. Calculate n(j).
5
Suppose g + 1 = -2. Let s(o) = -1. Let z(x) be the third derivative of x**4/24 - x**3 + 16*x**2. Let f(b) = g*s(b) - z(b). Calculate f(4).
5
Let y(j) = -j**3 + 6*j**2 - 2*j - 4. Let m be y(5). Let r = 13 - m. Suppose -r*l + l = 5. Let t(i) = i**3 + 6*i**2 + 3*i - 3. Determine t(l).
7
Let w = 14 - 14. Let i be (4 + 27/(-6))*w. Let d(n) = n**2 + n - 3. Give d(i).
-3
Let k(s) be the third derivative of -s**4/24 + 7*s**3/6 - 23*s**2 - s. What is k(4)?
3
Let s = 419 + -422. Let n(u) = -2*u**2 - 3. What is n(s)?
-21
Let u(c) be the third derivative of c**5/15 - c**4/6 + c**3/3 - 33*c**2. Give u(2).
10
Let t(m) = -m - 1. Let o(p) = p + 4. Let i = 51 - 49. Let w(f) = i*t(f) + o(f). Give w(4).
-2
Let r be (-117)/36 - (-9)/(-12). Let p = -6 - -8. Let y(l) = -2*l**p - 4*l**2 + 3*l + 7*l**2. Calculate y(r).
4
Suppose 10*r = 14 + 6. Let w(y) = 6 + 3*y - 4*y - r. What is w(6)?
-2
Let b = 437 - 437. Let s(w) = w**2 - 30. Calculate s(b).
-30
Let y(z) = z + 49. Let s(c) = -c - 64. Let j(p) = -3*s(p) - 4*y(p). Suppose -t = 0, 3*n + 5*t - 9 = 2*t. Suppose n*w + 12 = -0*w. Determine j(w).
0
Let g(c) = 2*c**3 + 7*c**2 - 7*c - 9. Suppose 0 = l + 3*l - x + 5, -3 = 4*l + x. Let v(i) = -i**3 - i**2. Let r(n) = l*g(n) - v(n). Calculate r(-7).
9
Let s(i) = i**3 - 2*i**2 + 2. Suppose -30 + 40 = 5*o. Let b be o + -5 - (3 + -8). Determine s(b).
2
Let t = -26 + 41. Suppose -5*x = -4*s - t, 9 = 2*s + 2*x + 3. Suppose -4*w + 3*w + 28 = 5*g, s = 3*g + 5*w - 8. Let o(l) = l**2 - 6*l - 2. What is o(g)?
-2
Let l(x) be the third derivative of x**5/60 + x**4/4 - 5*x**3/6 + 9*x**2. Let y(v) = -v**2 - 8*v - 6. Let w be y(-8). Determine l(w).
-5
Let o(u) be the second derivative of u**3/3 + 4*u**2 - 15*u + 3. What is o(-5)?
-2
Let q = -2763 - -2764. Suppose -3*p + 1 = -5*z + 2, 2*z = -5*p + 19. Let u(v) = -3 + 3 - v**z. Determine u(q).
-1
Let s(a) = a**2 - 12*a + 21. Suppose -4*z + 4*f + 44 = 0, -157*f + 158*f = -2*z + 16. Calculate s(z).
-6
Let l(r) be the third derivative of r**5/12 + r**4/24 + 3*r**2. Let b = -171 + 170. What is l(b)?
4
Let q(w) be the third derivative of 42*w**2 - 1/6*w**3 + 0 + 7/24*w**4 + 0*w. Determine q(1).
6
Let z(m) = -m. Let c(d) = -d**3 - 4*d**2 - 2*d - 15. Let k be c(-4). Calculate z(k).
7
Let t(m) = -m - 1. Let i(h) = -h**2 - 9*h - 15. Let a be i(-6). Suppose -n + 2*n + a = 0. What is t(n)?
2
Suppose 3*t + 4 - 16 = 0, 4*g - 2*t = 136. Let b be 6/4 - g/24. Let k(s) be the third derivative of -s**5/60 + s**4/24 - 5*s**3/6 - s**2. Calculate k(b).
-5
Let j(v) = -v**3 + v**2 + v + 4. Suppose -202 = -2*m - 174. Suppose -5*l - 28 = -3*l. Let x = l + m. What is j(x)?
4
Let k(b) be the first derivative of -b**2/2 + 4*b + 87. Give k(0).
4
Let t(l) = -2*l**3 + l**2 + l + 2. Let k(m) = 11*m**3 + 2*m**2 - 12*m - 2. Let z(h) = -k(h) - 5*t(h). Give z(-8).
0
Let t(r) = -3*r - 76. Let i be t(-25). Let d(a) = 4*a**2 + 4*a - 1. Let u(c) = -c**3 + 6*c**2 + 2 + 5*c - c**2 - 3. Let l(q) = 5*d(q) - 4*u(q). Give l(i).
-5
Suppose -5*m - 2*s + 59 = 0, 5*m - 55 = -4*s + 8. Let f(u) = 10*u + 25. Let c(h) = 2*h + 5. Let l(j) = m*c(j) - 2*f(j). Give l(-6).
-7
Let h(c) = -3*c - 14. Let z be h(-6). Let l(d) = 5*d - 15. Calculate l(z).
5
Let t be (-93)/(-9)*-4*15/(-10). Let u(d) = -t*d + 17*d + 35*d + d**2 - 12. Calculate u(11).
-1
Let q(w) = -2*w - 6. Let u = -105 - -98. What is q(u)?
8
Let s(y) be the second derivative of -1/6*y**3 + y + 0 - 1/2*y**2. Suppose 8*l = 2*q + 6*l + 16, -3*q = 2*l + 4. Give s(q).
3
Let t be -1 + (-1)/1*-1. Let s(a) = 7*a - 6. Let i(r) = r. Let b be ((-4)/(-1))/(-1 + 20/12). Let g(n) = b*i(n) - s(n). Determine g(t).
6
Let k(j) = 6 - j**3 - 2 - 3*j**2 + j + j**2 - 8. Let h be k(-3). Let b(c) = 0 - 7 + h*c + 0 - c. What is b(5)?
-2
Let q(c) = -c. Let o(y) = 3*y + 3. Let l(a) = o(a) + 4*q(a). Let h be (-4)/24 + (-74)/(-12). Suppose h = -6*b + 5*b. Give l(b).
9
Let c(m) = 4*m + 494 + 499 - 993. Suppose -w + 2 + 0 = 0. Let t be (3/w - 1)*2. Give c(t).
4
Suppose 2*v - 3*m = 8, 2*v + m = -0*m + 8. Let f(p) = -9 - 2*p**2 - 3*p + 10 - 2. Let n(w) = -3*w**2 - 7*w - 1. Let l(h) = 5*f(h) - 3*n(h). Calculate l(v).
6
Let z(x) be the first derivative of -x**3/3 - x**2 + 4*x + 14. Calculate z(-6).
-20
Suppose -18*r + 245 = 281. Suppose 3*b - 6 = m, 24 = 3*b + 8*m - 3*m. Let p(d) = b*d + 2*d**2 - d**2 + d**2. Give p(r).
2
Let b(z) = 6*z**3 + 19*z**2 - 19*z + 24. Let g(m) = m**3 + 4*m**2 - 4*m + 5. Let k(r) = -2*b(r) + 11*g(r). Let p be (10/6)/(4/12). Calculate k(p).
2
Let j = 27 - 27. Let t(i) = 1 + 0*i + i + j*i. What is t(-3)?
-2
Let c(s) be the first derivative of -s - 10 + s**2 + 5/3*s**3. Give c(-2).
15
Let z(j) = j**3 - 12*j**2 + 11. Let d be z(12). Suppose 3*v = -v + a + 18, -d = -v - 3*a. Let h(t) = 2*t - 5*t + 0*t + 6. Calculate h(v).
-9
Let a(y) = y**2 + 10*y + 17. Let o = -518 - -511. Give a(o).
-4
Let s(x) = -15*x**2 + 2*x**2 + 13*x**2 + 8*x - x**2 + 14. What is s(11)?
-19
Let n(h) be the second derivative of h**5/20 + 5*h**4/12 - h**3/6 + h**2/2 + 44*h + 2. What is n(-5)?
6
Let t(i) = -2*i - 6. Let u(o) = -1. Let x(v) = t(v) - 6*u(v). Calculate x(-3).
6
Let u = -134 - -74. Let q = u + 63. Let h(o) = -o**3 + 3*o**2 - o - 3. Calculate h(q).
-6
Suppose 0 = -14*v + 5*v + 63. Suppose 2*d + j = -v, -3*j + 22 = -5*d - 7*j. Let z(m) = m**2 + 2*m - 1. Calculate z(d).
-1
Let x(f) = 13 + f**2 - 16*f + 6*f - 2*f**2 + 1. Calculate x(-11).
3
Let p(a) = -a + 10. Let k(h) = -19*h + 138. Let m be k(7). What is p(m)?
5
Let b = -4 - -8. Suppose -7*r = -b*r. Let q(p) = 3*p**2 + p - 1. Let i(n) = 4*n**2 + 2*n - 1. Let c(u) = 2*i(u) - 3*q(u). What is c(r)?
1
Let l(t) be the second derivative of -t**5/20 - 11*t**4/12 - 5*t**3/3 + t**2 - 88*t. What is l(-10)?
2
Let n(l) be the second derivative of 11*l**4/12 + l**3/3 + l**2/2 + 64*l. What is n(-1)?
10
Let i(n) = -31*n + 13. Let s(p) = 64*p - 22. Let y(h) = 5*i(h) + 3*s(h). What is y(-1)?
-38
Let u(v) = -v**3 + 7*v**2 - 6*v. Suppose -18 = 3*t - 6*t. Let p be u(t). Let k(m) = -2*m + p*m + 3*m + m**2 + 0*m + 8. What is k(0)?
8
Let m = 164 + -162. Let j(w) = -3*w**2 + 1. Give j(m).
-11
Let z(p) be the second derivative of p**4/12 - 5*p**3/2 + 11*p**2 - 281*p. Calculate z(13).
-4
Let c(i) be the third derivative of -i**8/20160 - i**7/1260 + i**6/720 + 4*i**5/15 - 11*i**2. Let d(x) be the third derivative of c(x). Give d(-7).
-20
Let q(n) = -6*n - 7*n + 22*n + 6*n**2 - 14*n + 4 - n**3. Give q(6).
-26
Let r(q) be the third derivative of 0*q + 35*q**2 + 0 - 1/12*q**4 + 1/3*q**3. Calculate r(3).
-4
Let l(a) = -4*a - 4. Let s(i) = -i - 1. Let u(v) = l(v) - 2*s(v). Determine u(5).
-12
Let a(s) be the first derivative of s**3/3 + s**2/2 - 25*s + 151. Give a(0).
-25
Let i = -153 - -152. Let d(k) = 4*k - 1. What is d(i)?
-5
Let l(w) = 1 + 19*w - 43*w + 23*w. What is l(-5)?
6
Suppose 3*r - 19 = 4*r + q, 0 = 5*r + 4*q + 94. Let f = 17 + r. Let g(v) = 1 + 5*v - v + v - 4*v. Calculate g(f).
0
Let y(j) = -8*j - 56. Let w be y(-9). Suppose 3*z + i = -i - w, -2*i + 32 = -5*z. Let b(r) = r**3 + 7*r**2 + 3*r - 3. Determine b(z).
15
Let h(f) = -2 - 2 - 18*f - 19*f - 9 + 38*f. Give h(12).
-1
Let l(j) be the first derivative of j**4/4 - 13*j**3/3 - j**2 + 11*j + 33. Give l(13).
-15
Let i(j) = -j**2 + 18*j - 24*j + 5 + 0*j**2. Let d(c) = -c**3 + 5*c**2 - 2*c - 7. Let z be d(3). Suppose 6*o - z*o = -6. Determine i(o).
5
Suppose -5*d + 7 = 3*z, -d - 9 = -z - 4*d. Let t(v) = 9*v - 25. Let x(r) = -4*r + 10. Let w(h) = 3*t(h) + 7*x(h). What is w(z)?
1
Let b(u) = u**3 + 3*u**2 - 2*u + 4. Suppose -79*t + 81*t + 3 = i, t + 9 = -i. What is b(t)?
-4
Let y(s) = 2*s - 32. Suppose 198 + 447 = 43*o. Give y(o).
-2
Let f(l) = -21*l**2 + 31*l**2 - 2 - 3*l**3 + 4*l**3 - 5*l - 14*l**2. Suppose n - 2 = 3. Determine f(n).
-2
Let f = 155 - 93. Let v = -64 + f. Let c(s) be the second derivative of s**3 + s**2/2 + s. What is c(v)?
-11
Let p(y) = -2*y**2 + 3*y - 6. Let g = -274 - -274. Calculate p(g).
-6
Let b(a) = -a**3 + 5*a**2 - 4*a - 